 of 15826510?
2, 5, 7, 32299
List the prime factors of 202876.
2, 67, 757
What are the prime factors of 1447306?
2, 7, 19, 5441
List the prime factors of 3576999.
3, 89, 13397
List the prime factors of 507124.
2, 126781
What are the prime factors of 32376?
2, 3, 19, 71
List the prime factors of 1999051.
47, 42533
What are the prime factors of 39021?
3, 13007
What are the prime factors of 425007?
3, 11, 53
What are the prime factors of 3518833?
3518833
List the prime factors of 177622.
2, 88811
What are the prime factors of 1077133?
193, 5581
What are the prime factors of 23168281?
577, 40153
List the prime factors of 377261.
29, 13009
List the prime factors of 10106427.
3, 3368809
What are the prime factors of 1073279?
1073279
List the prime factors of 16623.
3, 1847
What are the prime factors of 1795910?
2, 5, 179591
List the prime factors of 204677.
11, 23, 809
List the prime factors of 72354.
2, 3, 31, 389
List the prime factors of 285347.
433, 659
What are the prime factors of 346097?
346097
List the prime factors of 25929138.
2, 3, 41, 109, 967
What are the prime factors of 303112?
2, 37889
List the prime factors of 1659668.
2, 83, 4999
List the prime factors of 1599349.
977, 1637
List the prime factors of 8313160.
2, 5, 37, 41, 137
What are the prime factors of 155022?
2, 3, 7, 3691
What are the prime factors of 617782?
2, 11, 28081
What are the prime factors of 4869145?
5, 409, 2381
List the prime factors of 1441384.
2, 7, 3677
List the prime factors of 25600088.
2, 751, 4261
What are the prime factors of 208631?
208631
What are the prime factors of 39808?
2, 311
What are the prime factors of 10622?
2, 47, 113
List the prime factors of 1257421.
11, 114311
List the prime factors of 8279507.
193, 42899
What are the prime factors of 528271?
31, 17041
What are the prime factors of 32804857?
32804857
List the prime factors of 958064.
2, 59879
What are the prime factors of 22854634?
2, 11, 313, 3319
What are the prime factors of 3208818?
2, 3, 17, 163, 193
What are the prime factors of 7947728?
2, 496733
List the prime factors of 1071542.
2, 535771
List the prime factors of 771485.
5, 11, 13, 83
What are the prime factors of 1426877?
1426877
List the prime factors of 20765526.
2, 3, 3460921
List the prime factors of 6700041.
3, 241, 3089
List the prime factors of 578983.
197, 2939
List the prime factors of 966709.
691, 1399
List the prime factors of 29532.
2, 3, 23, 107
What are the prime factors of 359951?
593, 607
List the prime factors of 3604828.
2, 901207
List the prime factors of 1532857.
31, 197, 251
What are the prime factors of 5811997?
37, 157081
List the prime factors of 8882225.
5, 11, 32299
What are the prime factors of 7127976?
2, 3, 23, 37, 349
What are the prime factors of 9066642?
2, 3, 13, 116239
What are the prime factors of 4508184?
2, 3, 23, 8167
List the prime factors of 162649.
162649
What are the prime factors of 2352730?
2, 5, 235273
What are the prime factors of 5095372?
2, 1273843
List the prime factors of 869859.
3, 10739
List the prime factors of 1569704.
2, 19, 23, 449
What are the prime factors of 10752673?
10752673
What are the prime factors of 128251?
277, 463
What are the prime factors of 20545250?
2, 5, 11, 31, 241
List the prime factors of 13090203.
3, 7, 29683
What are the prime factors of 2240137?
2240137
What are the prime factors of 31277234?
2, 151, 103567
List the prime factors of 310198.
2, 7, 22157
List the prime factors of 4382146.
2, 53, 41341
What are the prime factors of 208664?
2, 26083
List the prime factors of 9593479.
7, 709, 1933
List the prime factors of 45247.
45247
What are the prime factors of 3616132?
2, 13, 197, 353
List the prime factors of 789424.
2, 49339
What are the prime factors of 397208?
2, 7, 41, 173
What are the prime factors of 2242974?
2, 3, 31, 389
List the prime factors of 412778.
2, 173, 1193
What are the prime factors of 432454?
2, 11, 1787
What are the prime factors of 2651038?
2, 13, 101963
What are the prime factors of 2503444?
2, 625861
List the prime factors of 6341437.
73, 86869
List the prime factors of 4844073.
3, 13, 29, 4283
List the prime factors of 172809.
3, 7, 13, 211
What are the prime factors of 18109997?
97, 186701
List the prime factors of 2810205.
3, 5, 197, 317
List the prime factors of 10765936.
2, 672871
What are the prime factors of 112136?
2, 107, 131
List the prime factors of 1404525.
3, 5, 61, 307
What are the prime factors of 133041?
3, 61, 727
List the prime factors of 24709623.
3, 8236541
What are the prime factors of 257049?
3, 13
List the prime factors of 2777280.
2, 3, 5, 11, 263
List the prime factors of 981249.
3, 23, 14221
What are the prime factors of 126416?
2, 7901
List the prime factors of 34350416.
2, 97, 22133
List the prime factors of 58412.
2, 17, 859
What are the prime factors of 301154?
2, 7, 439
What are the prime factors of 4738433?
7, 676919
List the prime factors of 118362.
2, 3, 19727
List the prime factors of 257763.
3, 11, 73, 107
What are the prime factors of 1663047?
3, 257, 719
What are the prime factors of 716930?
2, 5, 71693
List the prime factors of 3344292.
2, 3, 7, 23, 577
What are the prime factors of 5623590?
2, 3, 5, 7, 61, 439
What are the prime factors of 22763?
13, 17, 103
What are the prime factors of 1737939?
3, 7, 82759
List the prime factors of 191579.
191579
What are the prime factors of 10544056?
2, 337, 3911
What are the prime factors of 304199?
7, 43457
What are the prime factors of 1310438?
2, 655219
List the prime factors of 269210.
2, 5, 26921
List the prime factors of 1388373.
3, 7, 17, 3889
List the prime factors of 1257984.
2, 3, 7, 13
List the prime factors of 535213.
7, 157, 487
What are the prime factors of 29015?
5, 7, 829
List the prime factors of 14824082.
2, 7, 13, 47, 1733
List the prime factors of 3159616.
2, 49369
What are the prime factors of 9117541?
761, 11981
List the prime factors of 1359663.
3, 47, 9643
What are the prime factors of 132699?
3, 7, 71, 89
List the prime factors of 1136671.
17, 66863
What are the prime factors of 7392750?
2, 3, 5, 9857
What are the prime factors of 13763811?
3, 1231, 3727
What are the prime factors of 590313?
3, 196771
What are the prime factors of 204599?
204599
What are the prime factors of 17580368?
2, 13, 84521
List the prime factors of 1985369.
29, 223, 307
List the prime factors of 2039657.
29, 61, 1153
What are the prime factors of 336477?
3, 59, 1901
What are the prime factors of 345811?
345811
What are the prime factors of 278875?
5, 23, 97
List the prime factors of 140695.
5, 19, 1481
List the prime factors of 4618139.
4618139
List the prime factors of 1405787.
1405787
What are the prime factors of 256459?
7, 36637
List the prime factors of 101077.
61, 1657
List the prime factors of 1577778.
2, 3, 59, 4457
List the prime factors of 744506.
2, 7, 71, 107
What are the prime factors of 365333?
365333
What are the prime factors of 11148351?
3, 41, 233, 389
List the prime factors of 5991.
3, 1997
What are the prime factors of 25550049?
3, 7, 1039, 1171
What are the prime factors of 3298237?
631, 5227
List the prime factors of 12409090.
2, 5, 19, 241, 271
What are the prime factors of 165343?
165343
List the prime factors of 9970.
2, 5, 997
List the prime factors of 8312488.
2, 641, 1621
What are the prime factors of 2343128?
2, 229, 1279
What are the prime factors of 1272620?
2, 5, 17, 19, 197
List the prime factors of 2796455.
5, 23, 24317
List the prime factors of 531450.
2, 3, 5, 1181
What are the prime factors of 321662?
2, 11, 14621
List the prime factors of 229566.
2, 3, 38261
What are the prime factors of 665061?
3, 41, 5407
List the prime factors of 528026.
2, 264013
What are the prime factors of 184822?
2, 11, 31, 271
What are the prime factors of 4835354?
2, 1423, 1699
List the prime factors of 468844.
2, 19, 31, 199
List the prime factors of 64122.
2, 3, 10687
List the prime factors of 381510.
2, 3, 5, 157
List the prime factors of 18139245.
3, 5, 67, 18049
List the prime factors of 26873469.
3, 7, 426563
List the prime factors of 14634614.
2, 137, 53411
List the prime factors of 3019732.
2, 41, 18413
List the prime factors of 2875514.
2, 1437757
List the prime factors of 2261098.
2, 7, 161507
What are the prime factors of 